 prime factors of k.
3
Suppose -108 = -6*x + 4*x. What are the prime factors of x?
2, 3
What are the prime factors of 4/(40/1015)*2?
7, 29
Suppose l - 1 - 3 = 0. Suppose l*y + 17 = 5*y. What are the prime factors of y?
17
Suppose -4*c - g = -29, -6*c + 47 = -2*c - 5*g. Let b(t) = -14*t + 23. Let r(o) = -5*o + 8. Let k(x) = 6*b(x) - 17*r(x). List the prime factors of k(c).
2, 5
Let j = -31 + 115. List the prime factors of j.
2, 3, 7
Let q = 28 + -12. What are the prime factors of q?
2
Suppose -19 = 4*z - b, z + 3 = 3*z - 3*b. List the prime factors of (-64)/z + (-5)/(-15).
11
Let m(k) = k - 10. Let g be m(5). Let j = g - -11. Suppose 0*h + 2*h - 2*z = j, z - 13 = -h. What are the prime factors of h?
2
Suppose -3*q = -8 - 13. Suppose -15 = 2*k - 5*g, 2 = 3*k + 3*g - q. Suppose -p + 0*p + 1 = r, k = 2*p + 3*r + 1. What are the prime factors of p?
2
Suppose 6175 = q + 18*q. What are the prime factors of q?
5, 13
Suppose -7*f + 304 = 38. List the prime factors of f.
2, 19
Suppose 1312 = 5*p - 0*d - 4*d, 3*p = -5*d + 765. List the prime factors of p.
2, 5, 13
Let t = 58 - 33. List the prime factors of t.
5
Let c(i) = -i**3 - 4*i**2 - i + 1. Let o = 14 + -24. Let x = -14 - o. List the prime factors of c(x).
5
What are the prime factors of (-8)/28 + 4 + 10844/28?
17, 23
Let g(v) = -6*v**2 - 26*v + 10. Let c(b) = 2*b**2 + 9*b - 3. Let p(s) = -8*c(s) - 3*g(s). List the prime factors of p(3).
2, 3, 5
Let b be 5/(50/(-28))*-5. Suppose -8 = -2*h + b. What are the prime factors of h?
11
Suppose 22 = -4*q - 2*f, -3*f + 1 = 2*q + 22. Let g = q - -5. What are the prime factors of g?
2
Suppose -4*g + 4*y - 3 = -27, 0 = 4*g - y - 9. Let i be 2 - 1 - g*-1. Suppose 1 = -q - 4*u, -4*u - i - 6 = 0. What are the prime factors of q?
7
Let l(f) = 7*f - 1. Let y be l(3). Suppose -2*s = -11 + 7. Suppose -3*c = s*c - y. What are the prime factors of c?
2
Suppose -4*r + 239 = 5*u, 2*r - u - 269 = -2*r. What are the prime factors of r?
2, 3, 11
Let n be 1/(2/4) + 1. Let c be (0 - (n - 1))/(-2). What are the prime factors of (-3 - -2)*-2 + c?
3
Let y(x) = 4*x + x - 2*x - 4*x**2 - x**3. List the prime factors of y(-5).
2, 5
Suppose p = r + 180, 4 = 2*p + 3*r - 341. What are the prime factors of p?
3, 59
Let s(l) = l**3 + 14*l**2 + 5*l - 24. What are the prime factors of s(-13)?
2, 5
Let a be -4 + (4 + 8 - 1). Suppose -43 - a = -5*u. What are the prime factors of u?
2, 5
Let c(n) = -7*n**2 + 2*n. Let m be c(2). Let z = m - -63. Suppose -21 - z = -5*k. List the prime factors of k.
2, 3
Let k(f) be the third derivative of -11*f**4/24 + f**3/6 - 3*f**2. What are the prime factors of k(-1)?
2, 3
Suppose -8 = 5*u - 4*o, -3 = -4*u - 2*o + 1. Suppose 16 = -4*w - b + 5*b, 5*b - 20 = u. Suppose v - 8 - 6 = w. What are the prime factors of v?
2, 7
Suppose 7*c - 4*c = 5*a - 428, -5*a - c + 444 = 0. List the prime factors of a.
2, 11
Let s be (3 - (-4 + 4))*11. Suppose 0*c + s = c. What are the prime factors of c?
3, 11
Let f = 2 - -2. Suppose 17 - 5 = f*x, 5*x = -5*h. What are the prime factors of (18/(h/1))/(-1)?
2, 3
Suppose -3 - 34 = -g. List the prime factors of g.
37
Let u(s) = -20*s - 8. What are the prime factors of u(-5)?
2, 23
Let u = 130 - 37. What are the prime factors of u?
3, 31
List the prime factors of (-6 - 70)*(-10)/8.
5, 19
What are the prime factors of (1*580/8)/((-2)/(-4))?
5, 29
Let w = 3 - -29. What are the prime factors of w?
2
Suppose 390 - 40 = 5*a. What are the prime factors of a?
2, 5, 7
Suppose 430 = 4*q + 82. List the prime factors of q.
3, 29
Let q(i) = 3*i**2 + 5. Suppose 2*h - 3 = 5. List the prime factors of q(h).
53
Let g(a) = -a - 6. Let j be g(-8). Suppose j*u = u + 9. List the prime factors of u.
3
Suppose -2*l + 2 = 3*u - 1, 3*u = 4*l + 21. Suppose 6*d - 6 = u*d. What are the prime factors of d?
2
What are the prime factors of 55 + -17 + 1*3?
41
Let t(a) = a**3 + a**2 - 7*a - 4. Let p(m) = m**3 - 6*m - 3. Let s(h) = -5*p(h) + 4*t(h). What are the prime factors of s(2)?
11
Let i(o) = o**3 - 5*o**2 + o. Let p be i(5). Suppose 0 = -3*w - 3*z + 69, -5*z + 6 = -p*w + 71. List the prime factors of w.
2, 3
Let z(c) = -10*c**3 + 3*c**3 - 4*c + 5*c. What are the prime factors of z(-1)?
2, 3
Suppose -70 = -4*h - 2. List the prime factors of h.
17
Let x = 14 - 10. Suppose -3 = -m, -2*m + 3*m = 2*h + 3. Suppose x*z = -4*c + 28, h = -5*c - 4*z + 50 - 15. What are the prime factors of c?
7
Let b = -28 - -25. Suppose 2*a + 2*l - 34 = -10, -4*l + 27 = a. Let g = a + b. What are the prime factors of g?
2
Let d = -223 + 375. What are the prime factors of d?
2, 19
Let g = -70 - -134. What are the prime factors of g?
2
Suppose 0 = -5*i + 3*o - 8*o + 70, 4*i + 2*o = 62. Suppose -v + 0 = -i. List the prime factors of v.
17
Let a(r) = -r**3 + 6*r**2 + 6*r + 10. Suppose k + 3 = 0, 0*d - 2*k - 5 = -d. Let z be (2/(-4))/(d/14). What are the prime factors of a(z)?
3
Let v(u) be the first derivative of -u**2/2 + 10*u - 4. What are the prime factors of v(-7)?
17
Suppose -2*j - j + 9 = 3*a, a + 2*j = 2. Suppose -6*l + 20 = -a*l. List the prime factors of l.
2, 5
Suppose 0 = -0*t - 2*t - 4. Let g be (1*t - -1)/(-1). Suppose 4 = w - g. What are the prime factors of w?
5
Let j(p) = p + 1. Let n be j(2). Let t(a) = a**3 + 2*a**2 - 4*a + 3. Let s be t(n). Suppose 2*x = -2*x + s. What are the prime factors of x?
3
Let b = -12 + 20. Suppose 0*a = 2*a + b, -3*a = -4*g + 52. List the prime factors of -1 + 0/3 + g.
3
Suppose 4 = -g - g. Let m = 2 + g. Suppose 2*p + 0*p - 24 = m. What are the prime factors of p?
2, 3
Let n(u) = u**2 - 6*u + 3. Let h be n(5). List the prime factors of 9 + h + (-2 - 1).
2
Let y be (3 - 0)/(0 + -1). Suppose 0 = -w - 1. Let u = w - y. What are the prime factors of u?
2
Let z be -3*4*(-3)/18. Suppose -12 = -4*n - 4*g, 0*g + z*g - 24 = -5*n. What are the prime factors of n?
2, 3
Let q = 0 + 0. Let y = q + 4. Suppose -v + 3*p + 10 + 4 = 0, y*v - 5*p - 49 = 0. List the prime factors of v.
11
Suppose 68 = 4*l - 3*w, 16 = -3*w - w. What are the prime factors of l?
2, 7
Suppose 0 = -5*c - 29 + 9. Let o be 0 + 0 - 8/(-2). List the prime factors of 6/o - c/8.
2
Suppose -27 = 2*d - 107. List the prime factors of d.
2, 5
Suppose 1052 = 6*y - 2*y. List the prime factors of y.
263
Suppose -2*g - 316 = -3*g. List the prime factors of g.
2, 79
Let o be (1*(0 - 2))/(-2). Let b = o - -5. What are the prime factors of b?
2, 3
Let g(j) = 7*j**2 - 35*j + 11. What are the prime factors of g(8)?
179
Suppose -a + 37 = v, -3*a - 146 = -7*a - 3*v. Let r = -26 + a. List the prime factors of r.
3
Let s(z) = 2*z + 1. Let b be s(4). Let o(m) = m**3 - 10*m**2 + 9*m + 2. What are the prime factors of o(b)?
2
Let m(z) = -14*z**2 - 3*z - 1. Let u(o) = 15*o**2 + 4*o + 2. Let i(c) = -3*m(c) - 2*u(c). Suppose 4*a - 6 = -2. What are the prime factors of i(a)?
2, 3
Let r(h) = 49*h - 43. List the prime factors of r(4).
3, 17
Let y be 2*(0 + 6/4). Suppose 0 = -5*x + 25, -y*x = -5*l + 25 + 65. What are the prime factors of l?
3, 7
Let i = 6 + -2. Suppose i*n + n - 20 = 0. List the prime factors of n.
2
Let x(l) = l**2 - 5*l - 1. Let n be x(4). Let r(o) = 4*o**2 + 7*o - 4. Let w(d) = 9*d**2 + 15*d - 8. Let h(p) = 5*r(p) - 2*w(p). List the prime factors of h(n).
3, 7
Suppose 2*n = 5*k, -3*k - 5*n + 6 = 37. Let d(p) be the first derivative of -p**4/4 + 2*p**3/3 + 2*p**2 + 3*p - 2. List the prime factors of d(k).
11
Let d = -77 + 117. Suppose 3*r + r - d = 0. List the prime factors of r.
2, 5
Let v(f) = f**2 - 6. Suppose 0 = -5*n + 28 - 3. What are the prime factors of v(n)?
19
Suppose -5*h - 5*g - 1 + 131 = 0, -3*g = 2*h - 49. Let t = h - 10. List the prime factors of t.
19
What are the prime factors of 8/(-36) + 1073/9 + 3?
2, 61
Let u(a) = 5*a - 12 - 5*a**2 + 6*a - 3*a**2 + 3*a**2. Let c(y) = 6*y**2 - 11*y + 12. Let v(f) = 4*c(f) + 5*u(f). List the prime factors of v(8).
2, 3
Suppose -2*q + 3*w + 484 = -0*q, -5*q + w + 1223 = 0. What are the prime factors of q?
5, 7
List the prime factors of ((-8)/(-6))/((-4)/(-408)).
2, 17
Let y(f) = f - 3. Let b be y(3). Suppose b = h + 1 - 4. Suppose h = v - 7. What are the prime factors of v?
2, 5
Let m be 120/28 - 2/7. Suppose -4*v = 3*g - 5*v - 50, -v = -m*g + 67. What are the prime factors of g?
17
Let b(s) = s**2 - 7*s + 6. Let i be b(7). What are the prim